se 3?
-12
Convert -10100 (base 3) to base 10.
-90
Convert 8 (base 11) to base 15.
8
-223 (base 4) to base 9
-47
Convert 1 (base 9) to base 3.
1
What is 22 (base 6) in base 14?
10
What is -31 (base 8) in base 14?
-1b
What is -13 (base 5) in base 10?
-8
What is -9 (base 10) in base 16?
-9
What is -20 (base 5) in base 11?
-a
-51 (base 12) to base 3
-2021
What is 4 (base 10) in base 5?
4
Convert 6 (base 13) to base 14.
6
Convert 118 (base 10) to base 9.
141
-65 (base 16) to base 6
-245
3 (base 8) to base 5
3
What is -180 (base 11) in base 5?
-1314
2a (base 13) to base 12
30
14 (base 8) to base 12
10
What is 56 (base 10) in base 8?
70
-110010 (base 2) to base 7
-101
Convert 230 (base 5) to base 4.
1001
Convert -4 (base 13) to base 15.
-4
Convert 7c (base 14) to base 12.
92
What is 0 (base 4) in base 5?
0
What is -12 (base 3) in base 6?
-5
What is -3 (base 9) in base 2?
-11
-23 (base 10) to base 12
-1b
10 (base 6) to base 14
6
30 (base 4) to base 7
15
1 (base 11) to base 12
1
Convert -55 (base 11) to base 5.
-220
Convert -1122 (base 3) to base 2.
-101100
What is -5 (base 9) in base 15?
-5
301 (base 5) to base 8
114
Convert 11 (base 13) to base 7.
20
What is 3 (base 11) in base 13?
3
-2 (base 5) to base 15
-2
-16 (base 8) to base 2
-1110
-45 (base 11) to base 5
-144
-4 (base 12) to base 14
-4
Convert -32 (base 8) to base 3.
-222
14 (base 6) to base 15
a
What is -77 (base 10) in base 13?
-5c
What is 1 (base 13) in base 9?
1
Convert 3 (base 6) to base 3.
10
What is 1011 (base 2) in base 10?
11
Convert 0 (base 16) to base 6.
0
-13 (base 11) to base 6
-22
What is 216 (base 8) in base 7?
262
6a (base 11) to base 15
51
5 (base 14) to base 4
11
1 (base 8) to base 13
1
What is -10 (base 6) in base 13?
-6
Convert -141 (base 7) to base 15.
-53
What is -1010 (base 2) in base 9?
-11
6 (base 7) to base 6
10
Convert -b (base 15) to base 10.
-11
What is 1 (base 7) in base 2?
1
32 (base 7) to base 11
21
Convert -115 (base 16) to base 5.
-2102
Convert 100001 (base 2) to base 12.
29
Convert -12 (base 9) to base 3.
-102
Convert 143 (base 6) to base 9.
70
What is -38 (base 12) in base 14?
-32
Convert 2 (base 12) to base 2.
10
-125 (base 6) to base 5
-203
What is 220 (base 3) in base 2?
11000
Convert 20222 (base 3) to base 5.
1223
-b (base 14) to base 15
-b
Convert -1201 (base 3) to base 2.
-101110
What is 2 (base 10) in base 11?
2
Convert -3 (base 10) to base 5.
-3
Convert 75 (base 11) to base 13.
64
2 (base 12) to base 6
2
5 (base 15) to base 7
5
5 (base 8) to base 4
11
What is -b (base 16) in base 11?
-10
What is -3 (base 10) in base 14?
-3
What is -83 (base 16) in base 9?
-155
What is 1 (base 3) in base 9?
1
0 (base 2) to base 8
0
5 (base 14) to base 6
5
1000 (base 2) to base 12
8
What is 0 (base 13) in base 4?
0
What is -55 (base 10) in base 7?
-106
What is 100000 (base 3) in base 4?
3303
What is -1 (base 15) in base 7?
-1
What is 1054 (base 7) in base 4?
11332
What is -5 (base 7) in base 5?
-10
26 (base 16) to base 13
2c
Convert a (base 14) to base 11.
a
Convert 3 (base 6) to base 9.
3
-56 (base 7) to base 6
-105
What is 12 (base 9) in base 16?
b
Convert 1 (base 11) to base 3.
1
Convert -19 (base 13) to base 2.
-10110
What is -127 (base 16) in base 6?
-1211
Convert 94 (base 15) to base 12.
b7
333 (base 4) to base 15
43
What is -3 (base 4) in base 16?
-3
Convert 35 (base 8) to base 5.
104
1200 (base 3) to base 8
55
Convert 4 (base 10) to base 4.
10
What is 1 (base 9) in base 6?
1
-3 (base 8) to base 14
-3
-1010010 (base 2) to base 12
-6a
4 (base 14) to base 10
4
Convert 0 (base 6) to base 8.
0
Convert 1 (base 9) to base 13.
1
What is 4 (base 14) in base 16?
4
What is -11 (base 7) in base 16?
-8
42 (base 7) to base 14
22
Convert -1b (base 14) to base 6.
-41
What is 4 (base 15) in base 8?
4
Convert -154 (base 10) to base 6.
-414
303 (base 4) to base 2
110011
What is -10010 (base 2) in base 10?
-18
Convert -10 (base 5) to base 3.
-12
Convert 10 (base 3) to base 7.
3
30 (base 14) to base 12
36
1 (base 6) to base 14
1
Convert -225 (base 10) to base 8.
-341
Convert 43 (base 6) to base 13.
21
11 (base 5) to base 11
6
-3c (base 13) to base 10
-51
What is -8a (base 16) in base 12?
-b6
Convert 27 (base 16) to base 8.
47
What is 132 (base 6) in base 13?
44
-4 (base 9) to base 2
-100
What is 1 (base 3) in base 2?
1
What is -122 (base 8) in base 3?
-10001
Convert -5 (base 9) to base 10.
-5
What is -1 (base 6) in base 4?
-1
0 (base 5) to base 15
0
What is 82 (base 14) in base 11?
a4
What is -9 (base 15) in base 12?
-9
What is 365 (base 8) in base 15?
115
What is 2 (base 14) in base 5?
2
10010 (base 3) to base 5
314
Convert 17 (base 16) to base 4.
113
12 (base 4) to base 15
6
-8 (base 13) to base 10
-8
What is -111000 (base 2) in base 4?
-320
What is -12 (base 4) in base 2?
-110
Convert 20 (base 13) to base 5.
101
What is 0 (base 5) in base 8?
0
Convert -4 (base 12) to base 13.
-4
What is -1 (base 6) in base 13?
-1
Convert -102 (base 10) to base 11.
-93
-232 (base 5) to base 2
-1000011
-197 (base 10) to base 4
-3011
7 (base 10) to base 3
21
Convert -15 (base 12) to base 4.
-101
-41 (base 5) to base 16
-15
Convert -3 (base 4) to base 8.
-3
Convert 22 (base 4) to base 2.
1010
-2 (base 8) to base 6
-2
What is 331 (base 5) in base 2?
1011011
-54 (base 13) to base 4
-1011
3 (base 16) to base 11
3
3 (base 11) to base 8
3
What is 6c (base 15) in base 11?
93
Convert 4 (base 5) to base 9.
4
-1b (base 14) to base 16
-19
What is -123 (base 4) in base 5?
-102
268 (base 9) to base 6
1012
-1100 (base 3) to base 6
-100
Convert 34 (base 5) to base 4.
103
-27 (base 10) to base 8
-33
-e (base 16) to base 2
-1110
Convert -313 (base 4) to base 16.
-37
What is 204 (base 8) in base 10?
132
-1 (base 6) to base 7
-1
-4 (base 12) to base 6
-4
What is -7 (base 8) in base 6?
-11
Convert 4 (base 15) to base 12.
4
What is 3 (base 7) in base 15?
3
What is -371 (base 8) in base 7?
-504
What is 111 (base 2) in base 3?
21
What is 12 (base 6) in base 4?
20
-5 (base 10) to base 6
-5
What is 6 (base 12) in base 10?
6
What is 225 (base 6) in base 16?
59
Convert -90 (base 13) to base 6.
-313
3 (base 10) to base 13
3
Convert 133 (base 7) to base 8.
111
-2 (base 12) to base 7
-2
What is -144 (base 5) in base 8?
-61
What is 88 (base 14) in base 9?
143
Convert -3 (base 9) to base 12.
-3
-114 (base 5) to base 14
-26
Convert 101 (base 2) to base 8.
5
-46 (base 14) to base 12
-52
Convert -12 (base 4) to base 6.
-10
22 (base 11) to base 13
1b
1022 (base 3) to base 7
50
Convert -2 (base 4) to base 5.
-2
Convert 10111100 (base 2) to base 5.
1223
What is -40 (base 9) in base 5?
-121
Convert -9 (base 13) to base 14.
-9
What is 10 (base 7) in base 9?
7
Convert -11 (base 15) to base 9.
-17
-9c (base 15) to base 11
-124
Convert -22 (base 6) to base 8.
-16
What is 46 (base 16) in base 15?
4a
What is 20 (base 3) in base 12?
6
What is 1 (base 14) in base 8?
1
What is d (base 14) in base 7?
16
Convert 11022 (base 3) to base 15.
7b
Convert 68 (base 10) to base 13.
53
What is 4 (base 9) in base 15?
4
Convert -311 (base 5) to base 10.
-81
Convert -112 (base 4) to base 12.
-1a
What is 4 (base 8) in base 7?
4
-135 (base 6) to base 10
-59
151 (base 10) to base 13
b8
What is -56 (base 7) in base 4?
-221
What is -43 (base 5) in base 15?
-18
Convert 2 (base 14) to base 16.
2
1 (base 13) to base 9
1
What is -1 (base 14) in base 5?
-1
What is 2 (base 10) in base 9?
2
27 (base 8) to base 16
17
Convert 14c (base 14) to base 13.
174
Convert -45 (base 16) to base 2.
-1000101
-23 (base 4) to base 14
-b
What is 2 (base 14) in base 2?
10
-2132 (base 4) to base 7
-314
Convert 103 (base 4) to base 3.
201
49 (base 10) to base 4
301
Convert 1001 (base 2) to base 5.
14
What is 100 (base 2) in base 16?
4
What is -3 (base 5) in base 13?
-3
What is 2 (base 15) in base 2?
10
What is -344 (base 6) in base 10?
-136
What is -10 (base 10) in base 3?
-101
What is -2 (base 16) in base 4?
-2
What is 22 (base 12) in base 4?
122
Convert 2 (base 12) to base 16.
2
45 (base 12) to base 13
41
0 (base 12) to base 4
0
Convert 0 (base 10) to base 5.
0
-9a (base 12) to base 13
-91
Convert 1 (base 14) to base 7.
1
What is -22 (base 4) in base 14?
-a
-1111 (base 2) to base 9
-16
-5 (base 13) to base 4
-11
Convert -2 (base 12) to base 15.
-2
What is 7 (base 14) in base 16?
7
-1